s m(-5) a composite number?
True
Let x be 5791/(-8) - 6/48. Let q = 5613 + x. Is q composite?
False
Let b = 52834 - 14823. Is b a composite number?
False
Let y(v) = -4533*v - 20. Let n be y(-9). Suppose -3*s = 5*u - n, -3*s - 8159 = -2*u + u. Suppose -i = 3*i - u. Is i composite?
False
Suppose -2*i = -m - 18999 + 1752, 3*i = 4*m + 25883. Is i a composite number?
True
Let u be 1 - 7/(21/(-6)). Suppose 4*x + 28 = 8, k - 647 = -u*x. Suppose z = -2*t - 221 + k, -3*z + 3*t + 1332 = 0. Is z a composite number?
False
Let z(w) = -2*w**3 + 67*w**2 + 712*w - 62. Is z(-39) composite?
True
Let k(c) = 5*c + 2. Let m be k(5). Suppose -m*h + 24*h = -1281. Is h prime?
False
Let f be (-2504)/(-10) + 18/(-45). Let y be 9/3 - 4 - f/1. Is (2 - (-2 - -6))/(2/y) prime?
True
Let q = -22 - -27. Suppose q*m - 1961 = 3*g, -5*m + 3*m + 4*g + 790 = 0. Is m composite?
True
Let u be ((-136)/(-3))/(10/15). Suppose 2*a + u = 102. Suppose -a*o = -7*o - 8410. Is o prime?
False
Let i(f) = 13551*f + 1424. Is i(7) prime?
True
Let s = -7332 - -15989. Is s prime?
False
Let n = 109 - 106. Suppose 58 = n*y - 2243. Is y prime?
False
Let w = 10069 - 5534. Is w composite?
True
Suppose 3*x - 2 = 4, -3*x - 14 = -2*k. Suppose 0 = -3*a - w - 6, -2*a + 2*w = -7*a - k. Is (1 + (-571)/a)/(6/12) a prime number?
False
Let d be -1 + 4 - (10 - 48). Let q = d - 51. Let o(b) = 6*b**2 + 12*b - 11. Is o(q) a prime number?
False
Let h(i) = 28261*i**2 + 104*i + 73. Is h(-4) prime?
False
Suppose -12*y - 36 = -96. Suppose s + 1 = -1, y*s = -l + 621. Is l a composite number?
False
Let r = 441 + -127. Let w = 471 - r. Is w a prime number?
True
Suppose 40*q - 711982 + 390269 = 2069127. Is q prime?
True
Let k = -10303 - -27083. Let a = k + -9737. Is a prime?
True
Let n = -34 - -34. Suppose -14*a + 9*a + 15 = n. Suppose -t + 3379 = a*d, -t = -3*d - 4927 + 1518. Is t composite?
True
Let i = 15 + -11. Suppose -9*b = b + 5*o - 610, -2*b = -2*o - 140. Suppose 2*d = i*y + b, 4*d = 3*y - y + 146. Is d a composite number?
True
Let u be (2/(-3))/(2/(-12)). Suppose 72*t = 16*t - 11*t + 167433. Suppose -f - 4*l = u*f - t, 3*f - 3*l - 1494 = 0. Is f composite?
False
Suppose -p = 41 - 44. Suppose c - 583 = 29*n - 28*n, p*n = 0. Is c prime?
False
Let t(m) = -7*m - 274. Let c be t(-42). Is (18939 + 8)/(4/c) prime?
False
Suppose 2*p - 4*p = 6, 2*p + 3426 = -4*d. Let z = d + 1300. Is z prime?
False
Suppose 0 = -4*f + 1769018 + 2293751 + 1082515. Is f a composite number?
True
Let f(j) = -3*j - 3. Let p be f(-3). Let l be (-260)/(p/(-237)*1/1). Suppose -5*v - 3*z = -0*v - l, -5*v = -5*z - 10230. Is v prime?
False
Is (16859/(-69))/((-15)/66645) a composite number?
True
Let u be (556 + -8)*(-2)/(-8). Is u/((-36)/20 + 2) composite?
True
Suppose 0 = 5*w - 3*h - 84, -3*h - 69 = -2*w - 2*w. Suppose -w*q + 35924 = -q. Suppose -6*l + 7*l = -3*j + 1541, 4*l - q = -5*j. Is j prime?
False
Let f = -520671 - -788209. Is f a composite number?
True
Let d(m) = -m**3 + 12*m**2 + 8*m + 37. Let c be d(-16). Suppose -5*l + c + 3158 = 0. Is l a prime number?
False
Let x = -359 + 324. Is (1 - 10727)*(-4 + x/(-10)) a composite number?
True
Let r = 849445 + -169646. Is r a prime number?
False
Suppose -4*t + 5*a = 252, 0 = t - 3*a - 2*a + 63. Let b = t - -105. Suppose -b*f = -41*f - 998. Is f composite?
True
Is 329267 + -16 + 5 + 5 a prime number?
False
Suppose 3*u = -5*h + 1639, -3*u + 95 + 1576 = -3*h. Let f = -420 + 784. Let l = u + f. Is l prime?
False
Let t(x) = x + 32. Let r(j) = j + 31. Let p(o) = -6*r(o) + 5*t(o). Let m be p(-12). Is (-127)/((-12)/m + -1) a composite number?
True
Let n be ((-776)/10)/((-6)/30). Suppose -9*x = -5*x + 956. Let t = n + x. Is t prime?
True
Suppose 5*i - 15 = 0, 0 = 2*b + 210*i - 208*i - 547108. Is b composite?
False
Suppose -2 = 2*a - 4*p, 3*a + 2*p = 6*a - 9. Suppose 195 = -10*b + a*b. Is ((-1814)/(-3))/((-26)/b) composite?
False
Let j be (18/36)/((-2)/(-24)). Suppose 3*v + 5*w - 1326 = 0, -6 = j*w - 4*w. Is v a composite number?
True
Let c be -3*(-6)/117 + (-256)/(-26). Let l = 12 - c. Suppose 203 = s - l*v, 3*s - 5*v - 613 = -0*v. Is s composite?
False
Suppose -u - 14 = -3*u. Is ((-2037)/(-6))/u*94 a prime number?
False
Suppose 2*c - 24 = 5*i, -5*c + 4*i + 3 + 23 = 0. Suppose -2*n + 4*r = r + 9, -6 = 5*n - c*r. Suppose n = -0*d + 2*d - 1918. Is d a composite number?
True
Let m(q) = -2*q**3 + q**2 + 8*q. Let a be 3*(-4)/24*-4. Suppose -10 = -a*c + 4*c. Is m(c) composite?
True
Suppose -3*v - 562914 = -22*f + 19*f, 187673 = f - 6*v. Is f prime?
True
Suppose 768039 + 245212 = 19*b. Is b composite?
True
Let u(i) = -4*i - 95. Let q be u(-34). Suppose q*w = 43*w - 194. Is w prime?
True
Suppose 46 - 46 = -2*g. Let t(k) = 9 - 9*k**3 + k + g*k + 0*k**3 - 2 - 4*k**2. Is t(-3) a prime number?
True
Let z(b) = 444*b - 713. Is z(8) composite?
True
Let q = -4626 - -2753. Let n = q - -7020. Is n composite?
False
Suppose -4*c + 0*c - 18160 = -3*a, 3*c + 13620 = 3*a. Let m = c + 8147. Is m prime?
True
Suppose n = 4*x + 61, -12 = -5*x - 2. Let u = 69 - n. Suppose -h = 4*a - 761, u = -4*h + 3*h + 5*a + 743. Is h a prime number?
False
Let t(o) = -58*o + 27. Suppose 0 = -q - 2*k + 52, 2*k - 42 = 2*q - 128. Let a = q - 62. Is t(a) a prime number?
False
Let t(p) = -1896*p + 1789. Is t(-2) composite?
False
Let y = -40 + 80. Let j be (-96)/(((-3)/7)/(y/(-70))). Let x = j - -217. Is x a composite number?
False
Suppose -12553029 + 64749327 = 231*v. Is v a prime number?
False
Is (1/(-4))/((-154171)/(-154172) + -14 + 13) prime?
True
Let n(k) = -521*k**3 - 2*k**2 - 4*k + 1. Let b = -38 + 41. Let q be b*(-1)/(-3) + -3. Is n(q) a composite number?
True
Suppose -3*j - 15740 = 5*r - 4*j, -3*r = -j + 9444. Let m = -2141 - r. Suppose -5*n + 3222 - m = 0. Is n composite?
False
Suppose -6*g + 8*g - 12 = 0. Let i(s) = -2*s - 10*s**3 - 10*s**3 - 1 - 37*s**3 + g*s + s**2. Is i(-3) composite?
True
Let r be 16 + -1 + 6/3. Suppose -4*f + 3 + r = 0. Suppose -f*s = 202 - 1512. Is s a prime number?
False
Let g = -48581 - -308920. Is g composite?
False
Let d = 2524 - -189. Let v = 6354 - d. Is v prime?
False
Let n be -3 - 4*9/(-6). Is n/4 + (-20184)/(-96) a composite number?
False
Suppose -y - 31 = -377. Suppose 7*c + y = 12939. Suppose 2*u + 5*u - c = 0. Is u a composite number?
False
Is 3766009/(-26)*20/(-5) - -3 a composite number?
True
Suppose 4*j = 4 + 4. Suppose -5*b + 2*s - 7*s = 470, -3*s = 9. Is -4 + (-61593)/b - j/(-13) composite?
False
Suppose 4*t + 0*p - 36 = 4*p, -27 = -3*t - 4*p. Suppose -3*m + t = -4*q - 74, -2*m + 62 = -3*q. Let w(k) = -2*k**3 - 29*k**2 - 16*k + 1. Is w(q) prime?
True
Let g = -7409 + 3974. Let k = g - -6514. Is k a composite number?
False
Let h = -635 - -663. Suppose -58192 = -h*g + 39556. Is g prime?
True
Let l(d) = 7*d + 1721. Suppose -20 = w - 4*h, w + 3*h - 15 = -w. Is l(w) a composite number?
False
Let y = -40 + 43. Suppose d + y*v = 154, -4 = -3*v + 2. Suppose -d + 398 = 5*f + 3*r, 285 = 5*f - 4*r. Is f a prime number?
True
Suppose -4*d = n - 783, -4*n + 6*n - 786 = -4*d. Suppose 4*j - d = 25. Is j prime?
False
Let y(t) = -3*t - 2. Let k(s) = 13*s + 8. Let p(x) = -2*k(x) - 9*y(x). Let v be p(0). Suppose -316 = -v*a + 2*g, -2*g = 3*a - 2*a - 158. Is a prime?
False
Let z(p) be the third derivative of -301/8*p**4 - 1/3*p**3 + 0*p + 26*p**2 + 0. Is z(-1) a prime number?
False
Let v(y) = -y**2 + 2*y + 3. Suppose 0 = j + 5*f + 8, -2*f = -3*j - 6 + 16. Let c be v(j). Suppose -435 = c*l - 2*p - 6358, -l = 5*p - 1963. Is l a prime number?
True
Let c = 106882 - 35271. Is c a prime number?
False
Suppose 3*a - 365224 = -5*o, -5*o + 5*a + 467869 - 102589 = 0. Is o prime?
False
Let s(l) = -11*l**2 - 2*l - 18. Let g be s(7). Let m = -1366 - g. Is (-7)/((-21)/6) - m*1 prime?
True
Let a(r) = r**3 - r**2 - 3*r + 1146. Let n be a(0). Let o = n + 3739. Is o prime?
False
Suppose -26630 - 12354 = -f - 5*b, 3*f = b + 117064. Is f a prime number?
True
Let g(c) = 17*c**2 + 19*c - 27. Let y(t) = -8*t**2 - 9*t + 14. Let b(m) = 4*g(m) + 7*y(m). Is b(-7) composite?
False
Suppose 32 = -9*y + 5. Is (-68994)/24*4/y composite?
False
Let i(j) = -j**3 + 2*j**2 - 7915. Let f be i(0). Let b = -5260 - f. Suppose 3*h - 1236 = b. Is h a composite number?
False
Let q be (-15)/((-135)/4) + 185/9. Suppose -q*k + 9654 = -1035. Is k composite?
False
Suppose 3*m 